 is 28 + (7 - (-5 + (15 - 9))) + -9?
25
Calculate (-8 - -4) + -13 - (-4 - 2).
-11
Evaluate (-1 - -11) + (1 - 1 - (-9 + 3)).
16
Evaluate 5 + (-5 + 6 - 16 - -16).
6
What is the value of -19 - (-4 + -15) - (-9 - 2)?
11
What is 41 + -27 - (1 - 6) - (2 - -5)?
12
What is the value of 18 + -24 + 4 + 6?
4
Evaluate -9 + (15 - 12) + (-1 - 3 - 1).
-11
Evaluate -15 + (9 - 8) - -1.
-13
Evaluate -6 - (5 - (-12 - -6)).
-17
Calculate -342 + 400 + (-5 - 36).
17
Evaluate 7 + -41 - (3 + (4 - 20)).
-21
116 + -86 + (-12 - 31)
-13
What is 4 - (-8 + 23 + -8 + -12)?
9
-21 - -1 - (8 + -14)
-14
17 - (-2 + (5 - -8))
6
What is -1 - 7 - (8 + -2 - 1)?
-13
What is -24 + -4 + (2 - 0 - (15 - 22))?
-19
Evaluate -43 + 32 - (2 + (-2 - (-2 - -1))).
-12
Calculate 0 + 9 + (15 - (-16 - -36)).
4
Evaluate 458 + -505 - (-27 - -3).
-23
(16 - -16) + -22 - (-2 - 0 - -5)
7
1 + 0 + 9 - (279 - 286)
17
What is the value of 16 - (20 - 6 - 13)?
15
What is the value of -1 + (-8 + -15 - -20) + (1 - -4)?
1
14 - (16 - 7) - (-5 + -2)
12
What is (7 - (1 - -3)) + (13 - 34) + 21?
3
Calculate -37 - (-46 + 13 + 4).
-8
14 + 1 - (-31 - (-42 - 24))
-20
Evaluate 17 - (-39 + 10 + 32 + 0 + -12).
26
Calculate (-1 - 4) + 8 + 3 - (2 - -4).
0
-5 + (-10 + 2 + -4 - (-13 - -22))
-26
Evaluate 10 - (1 + (3 - 5)).
11
What is the value of 22 + -15 + 2 + 13?
22
What is the value of -3 + 7 - (-8 - -20)?
-8
What is -20 + -28 - (19 - 41)?
-26
What is 0 + ((3 - 4) + 5 - 4) + -1?
-1
257 - 201 - ((-4 - -1) + 20)
39
What is -48 - -53 - (21 + -2 + -3)?
-11
What is 7 - (30 - 1 - (4 + 30 + -32))?
-20
6 + -3 + (11 - 8) + -7
-1
Calculate 2 - (1 - 6) - -1.
8
7 + (-21 - -18) + 2 + 5
11
What is 46 + -13 - (13 + -1) - 4?
17
Calculate 1 + -6 + 13 + 22 + -30 + 1.
1
Calculate (-7 + 2 - -3) + 7 + (-9 - -4).
0
What is -9 + -6 - -3 - -11?
-1
What is the value of (-2 - 10) + 3 + 3 + 2?
-4
22 + (6 + 0 - (9 + 7))
12
What is the value of -8 + (1 + -17 - -35)?
11
What is the value of 0 + 2 - (-275 - -281)?
-4
What is -7 + 20 - -1 - 11 - 17?
-14
Evaluate -11 + (-2 - (-6 + 9 + 3) - -5).
-14
What is the value of -34 + (1 + -3 - 1) + (36 - 27)?
-28
3 - (20 + -6 - (1 + 5 + 1))
-4
What is 2 - (0 + -2) - (2 + -6 + 17)?
-9
Calculate 45 - 7 - (11 - 0 - (8 + -8)).
27
-13 - (14 - (-2 + 23))
-6
Calculate (335 - 332 - (0 - 1)) + 25.
29
Calculate -1 - (-8 + (39 - 38) + -4 + 0).
10
What is the value of -24 - 0 - -47 - 11?
12
What is 3 + (-3 - 13) + 0 + 2?
-11
Calculate 6 - (-10 - 13) - 33.
-4
Calculate (7 - (52 + -30)) + 26.
11
Calculate 19 + -16 + 1 - (-1 + -12 - -3).
14
Calculate (15 - 9 - 2) + -10 - (-1 + -18).
13
What is 7 - (11 - (-2 - -8) - -11)?
-9
What is the value of 19 - ((10 - (21 + 0)) + 8)?
22
9 - (-4 + -14 + 5)
22
Evaluate 2 + -35 + (8 - 16 - (-3 - 12)).
-26
Calculate (-19 - -36) + 23 + -54.
-14
What is the value of (-12 - ((33 - 32) + 0 + -6)) + -9?
-16
What is 3 + (-23 + 6 - -9) + 4 + -6?
-7
What is the value of (-2 - (-7 + 0)) + (2 - 7 - 2)?
-2
Calculate -1 + (1 - -7) - (-201 + 206).
2
What is the value of -2 + 0 + 3 - 14 - -6?
-7
Evaluate -3 + ((2 - (0 - 1)) + -6 - 0).
-6
What is the value of -13 + (-12 - (4 - (7 + 5)))?
-17
Evaluate (-58 - -59 - (3 - 1)) + (-6 - 2).
-9
Calculate 2 + 7 + -3 + 0 + 3 + -2.
7
-18 - -23 - -1 - (0 + -5)
11
Calculate 4 + 17 + -28 + -7.
-14
What is the value of -5 + 15 + (-23 - (15 + 1))?
-29
-4 + -11 + (6 + -7 - -8)
-8
Evaluate -1364 - -1352 - (0 + 2 + -18).
4
Calculate (-1 - 30 - 0) + (-34 + -16 - -49).
-32
Calculate -9 + (11 - 5) + (-3 - -11) + 1.
6
(-5 - -1 - -12 - (6 - -8)) + 0
-6
What is (22 - (-1 + -1)) + (-30 - -24)?
18
What is the value of -3 + -13 - ((-2 - -4) + 131 + -138)?
-11
0 + 0 - (-23 - (13 - 32))
4
Evaluate 10 + 25 + -34 + 10.
11
-9 - (-29 - (8 - 4 - 13))
11
Calculate (4 - ((19 - 5) + -2)) + 2 - -5.
-1
What is (-5 + 2 - -5) + 3 + 3 + -33?
-25
What is 3 - (-2 - 0 - -2) - (-845 + 838)?
10
What is the value of -10 + -4 + 15 - -14?
15
What is the value of (-9 - (-4 + -2)) + 7 - -1 - 30?
-25
Calculate 26 - (-1 - (59 + -53 - (8 + 1))).
24
What is (-2 - -9) + -3 - 19?
-15
What is -12 + 22 + (20 - 17)?
13
What is the value of -3 + 6 + -9 + (26 - 15) + -9?
-4
What is -105 - -134 - (2 - -38)?
-11
(-6 + 23 - -22) + -24
15
Evaluate (10 - 26) + (10 - (-3 - 33)).
30
Calculate (4 + -3 - -4) + -2 + -9 + 4.
-2
Calculate -5 - 4 - (-10 + 3).
-2
What is the value of 0 + -2 + -1 - -2 - 14?
-15
-4 + (-2 - 1) + 4 + (6 - -16)
19
What is -6 + (1 - -6 - -4) + (11 - 3)?
13
Calculate (3 - 5) + (-28 - -11).
-19
-19 + (-37 - (-19 - 14))
-23
Calculate (5 - 16) + 1 + 11 + 6 - -8.
15
13 + (4 + 16 - 48) + 1
-14
Calculate 16 - (4 + 0) - (308 - 271).
-25
8 - (16 + -10 + -24)
26
Evaluate 36 + -23 - (-5 + 9).
9
(14 - -9) + -40 - -13
-4
What is (-1 - 0 - 4) + -5 - (19 + -16)?
-13
What is (2 - 9) + 18 - 9 - 7?
-5
What is the value of 11 + -11 + (1 - -2 - 11)?
-8
Evaluate -4 + -3 + -2 + (-11 - -27 - 9).
-2
Evaluate (2 - 7 - (-7 + (-3 - -5))) + -15.
-15
Evaluate -8 - (19 - -15 - 21).
-21
Evaluate -5 + (25 - (0 - -5) - (-3 - 0)).
18
Evaluate (-22 - ((-39 - -40) + (-1 - 5))) + 2.
-15
(8 + -8 - (3 + 0)) + -2 + 0
-5
Calculate 51 + -13 + 16 - 5 - (-2 + 13).
38
(6 - (-30 - -41)) + 23
18
Calculate 2 + 1 - ((9 - 11) + -3 + 6).
2
Calculate 4 + 6 + (-12 - -2) + -7 - -10.
3
Evaluate -18 - (29 + -39 + 7).
-15
Calculate (10 - 0) + (-18 - (1 + -2 - 9)).
2
What is the value of 1 + 0 - (-124 - -121)?
4
Evaluate -1 + 1 + (19 - (14 + 23)).
-18
(-5 - -29) + (15 - 69)
-30
6 - (-1 - 8 - -2)
13
What is -17 - (-39 - -4 - -10)?
8
What is the value of (3 - 4) + -17 - (7 - (-4 + 16))?
-13
Calculate -8 + 94 + -108 + 0 + 0 + 7.
-15
Evaluate -14 + 75 + -28 - 20.
13
What is the value of (5 - (2 - 2) - (-3 + 8)) + -6?
-6
Calculate -7 - (-3 - ((-3 - -1) + -4 + 5)).
-5
30 - -13 - (17 - -13)
13
Evaluate (-30 - -32) + -4 + 0 + -2 + 3.
-1
What is (5 - (12 + 1 + 10 + -11)) + 15?
8
-6 + 2 - (3 + 2 - (48 + -10))
29
What is (1 - -4 - (83 + -87)) + -28?
-19
What is the value of (-3 - -1) + (-9 - -11 - 17)?
-17
What is 0 + (-2 + 4 + -15 - -1)?
-12
Evaluate -9 + 37 + -24 - (-7 - (0 + -2)).
9
What is (2 - -12) + -4 + 6?
16
What is the value of (-2 + 5 - 1) + 22 + -31?
-7
What is -6 + (0 - 6) + 25 + -26?
-13
What is -6 - ((-8 - (1 - 5)) + -8)?
6
(-2048 - -2084) + (0 - (16 + 0))
20
What is the value of 20 - (-14 + (-14 - -33))?
15
8 + (-2 - (2 + -2) - (-91 - -94))
3
(-29 - -35) + 6 + -18
-6
What is -15 + -1 - (-1272 + 1274)?
-18
Calculate (-30 - -15 - 5) + 47.
27
What is -63 + 1 + 39 - -13?
-10
Calculate -10 - 2 - -2 - (5 - 9).
-6
Calculate (-63 - -16) + 4 + 25.
-18
What is 5 - 3 - 7 - (2 + 14)?
-21
Calculate 22 + -4 - (136 - 142).
24
15 + -15 - -4 - ((-3 - -2) + 14)
-9
Calculate (-31 - -68) + -45 + -21.
-29
Calculate 12 + -13 - (-8 - 7) - 14.
0
Evaluate 0 - (-17 + -5 + 23) - (-13 - 2).
14
Calculate (1 - -8) + -12 - (-18 + 0).
15
Calculate 2 + 9 + -14 + 14.
11
Evaluate 1259 + -1225 + 0 + -28.
6
What is the value of 8 + -18 + (8 - (-3 - -10))?
-9
Evaluate (1 - -4 - (9 + -4 + -1)) + -7.
-6
Evaluate 0 + ((7 - 9) + 5 - (-2 + 5)).
0
Calculate -4 - (2 - (1 - -1 - -4) - 0).
0
-2 - (-3 - (-14 - -8))
-5
What is the value of -107 + 51 + -21 + 60?
-17
Calculate -3 + -3 + -1 + 1 + 10 + 19.
23
What is the value of -22 - (-1 + 11 - (48 + -29))?
-13
0 + 8 - (-215 - -218)
5
What is (2069 - 2075) + (-32 - (-2 - (-2 - -2)))?
-36
What is the value of (-8 - (-4 + 5)) + (12 - (-20 + 38))?
-15
Calculate 20 - (2 + 17 + -15).
16
What is the value of 17 + 12 + 8 - 25?
12
What is the value of (0 - -3) + 15 - (-497 + 496)?
19
What is the value of 18 - (9 + 52 + -20)?
-23
Calculate (-32 - (87 - 111)) + (-1 - 0) + -6.
-15
Evaluate -20 + 11 - (-3 - (-6 + 8)).
-4
Calculate -8 + (-19 - -11) + -2 + 15.
-3
What is -10 - -14 - (-1 - 6 - -2)?
9
What is the value of (2 - -1) + -2 + -440 + 434?
-5
Evaluate -93 + 70 + 35 - (6 + (-1 - -1)).
6
What is the value of (-9 - (-19 - -19)) + 20 + -4?
7
Evaluate -6 + 28 + 11 + -27 - -5.
11
What is 1 + (-5 + 2 + 5 - -5)?
8
Evaluate (2 - (6 + -6 - -9)) + 2.
-5
What is the value of (-510 - -519) + (0 - -1) + -26?
-16
Calculate -30 - (-51 - 8) - 20.
9
What is the value of -1 + -13 - (-5 - -4) - (-725 + 730)?
-18
(-24 - (-17 + 8)) + 2 + 2
-11
Evaluate -20 + 31 - (2 - 1).
10
Calculate -3 - -3 - (1 - 1) - (-37 - -35).
2
What is the value of 6 - (-13 + (12 - (-1 - -6)))?
12
0 - 5 - (0 + -